{"id":12,"date":"2015-07-13T20:46:28","date_gmt":"2015-07-13T18:46:28","guid":{"rendered":"http:\/\/lina-patchinsky.de\/?page_id=12"},"modified":"2016-01-04T00:28:00","modified_gmt":"2016-01-03T23:28:00","slug":"gallerie","status":"publish","type":"page","link":"http:\/\/lina-patchinsky.de\/?page_id=12","title":{"rendered":"Gallerie"},"content":{"rendered":"<h1><span style=\"color: #81d742;\"><strong>2016<\/strong><\/span><\/h1>\n<h4>Januar<\/h4>\n<figure id=\"attachment_166\" aria-describedby=\"caption-attachment-166\" style=\"width: 169px\" class=\"wp-caption alignleft\"><a href=\"http:\/\/lina-patchinsky.de\/wp-content\/uploads\/2016\/01\/WP_20160103_22_00_37_Pro-e1451862391643.jpg\" rel=\"attachment wp-att-166\"><img loading=\"lazy\" decoding=\"async\" class=\"wp-image-166 size-medium\" src=\"http:\/\/lina-patchinsky.de\/wp-content\/uploads\/2016\/01\/WP_20160103_22_00_37_Pro-e1451862391643-169x300.jpg\" alt=\"WP_20160103_22_00_37_Pro\" width=\"169\" height=\"300\" srcset=\"http:\/\/lina-patchinsky.de\/wp-content\/uploads\/2016\/01\/WP_20160103_22_00_37_Pro-e1451862391643-169x300.jpg 169w, http:\/\/lina-patchinsky.de\/wp-content\/uploads\/2016\/01\/WP_20160103_22_00_37_Pro-e1451862391643-768x1365.jpg 768w, http:\/\/lina-patchinsky.de\/wp-content\/uploads\/2016\/01\/WP_20160103_22_00_37_Pro-e1451862391643-576x1024.jpg 576w, http:\/\/lina-patchinsky.de\/wp-content\/uploads\/2016\/01\/WP_20160103_22_00_37_Pro-e1451862391643-1200x2133.jpg 1200w\" sizes=\"auto, (max-width: 169px) 85vw, 169px\" \/><\/a><figcaption id=\"caption-attachment-166\" class=\"wp-caption-text\">Mystery Block of the Month &#8211; alle 18 Musterbl\u00f6cke und 30 Auff\u00fcllbl\u00f6cke sind fertig, jetzt folgt die Zusammensetzung<\/figcaption><\/figure>\n<p>&nbsp;<\/p>\n<h1><span style=\"color: #81d742;\"><strong>2015<\/strong><\/span><\/h1>\n<h4>September<\/h4>\n<figure id=\"attachment_127\" aria-describedby=\"caption-attachment-127\" style=\"width: 300px\" class=\"wp-caption alignleft\"><a href=\"http:\/\/lina-patchinsky.de\/wp-content\/uploads\/2015\/09\/IMG_0461.jpg\"><img loading=\"lazy\" decoding=\"async\" class=\"wp-image-127 size-medium\" src=\"http:\/\/lina-patchinsky.de\/wp-content\/uploads\/2015\/09\/IMG_0461-300x200.jpg\" alt=\"IMG_0461\" width=\"300\" height=\"200\" srcset=\"http:\/\/lina-patchinsky.de\/wp-content\/uploads\/2015\/09\/IMG_0461-300x200.jpg 300w, http:\/\/lina-patchinsky.de\/wp-content\/uploads\/2015\/09\/IMG_0461-1024x683.jpg 1024w\" sizes=\"auto, (max-width: 300px) 85vw, 300px\" \/><\/a><figcaption id=\"caption-attachment-127\" class=\"wp-caption-text\">Loop<\/figcaption><\/figure>\n<figure id=\"attachment_77\" aria-describedby=\"caption-attachment-77\" style=\"width: 300px\" class=\"wp-caption alignleft\"><img loading=\"lazy\" decoding=\"async\" class=\"wp-image-77 size-medium\" src=\"http:\/\/lina-patchinsky.de\/wp-content\/uploads\/2015\/09\/IMG_0457-300x200.jpg\" alt=\"IMG_0457\" width=\"300\" height=\"200\" \/><figcaption id=\"caption-attachment-77\" class=\"wp-caption-text\">Mystery Block of the Month &#8211; August<\/figcaption><\/figure>\n<p>&nbsp;<\/p>\n<h4>\u00a0Juli<\/h4>\n<figure id=\"attachment_21\" aria-describedby=\"caption-attachment-21\" style=\"width: 300px\" class=\"wp-caption alignleft\"><a href=\"http:\/\/lina-patchinsky.de\/wp-content\/uploads\/2015\/07\/IMG_0431-e1442781202494.jpg\"><img loading=\"lazy\" decoding=\"async\" class=\"wp-image-21 size-medium\" src=\"http:\/\/lina-patchinsky.de\/wp-content\/uploads\/2015\/07\/IMG_0431-e1442781202494-300x210.jpg\" alt=\"IMG_0431\" width=\"300\" height=\"210\" srcset=\"http:\/\/lina-patchinsky.de\/wp-content\/uploads\/2015\/07\/IMG_0431-e1442781202494-300x210.jpg 300w, http:\/\/lina-patchinsky.de\/wp-content\/uploads\/2015\/07\/IMG_0431-e1442781202494-1024x716.jpg 1024w, http:\/\/lina-patchinsky.de\/wp-content\/uploads\/2015\/07\/IMG_0431-e1442781202494.jpg 1728w\" sizes=\"auto, (max-width: 300px) 85vw, 300px\" \/><\/a><figcaption id=\"caption-attachment-21\" class=\"wp-caption-text\">Rei\u00dfverschlusstasche<\/figcaption><\/figure>\n<p>&nbsp;<\/p>\n<p>&nbsp;<\/p>\n<p>&nbsp;<\/p>\n<p>&nbsp;<\/p>\n","protected":false},"excerpt":{"rendered":"<p>2016 Januar &nbsp; 2015 September &nbsp; \u00a0Juli &nbsp; &nbsp; &nbsp; &nbsp;<\/p>\n","protected":false},"author":1,"featured_media":0,"parent":0,"menu_order":0,"comment_status":"closed","ping_status":"closed","template":"","meta":{"footnotes":""},"class_list":["post-12","page","type-page","status-publish","hentry"],"_links":{"self":[{"href":"http:\/\/lina-patchinsky.de\/index.php?rest_route=\/wp\/v2\/pages\/12","targetHints":{"allow":["GET"]}}],"collection":[{"href":"http:\/\/lina-patchinsky.de\/index.php?rest_route=\/wp\/v2\/pages"}],"about":[{"href":"http:\/\/lina-patchinsky.de\/index.php?rest_route=\/wp\/v2\/types\/page"}],"author":[{"embeddable":true,"href":"http:\/\/lina-patchinsky.de\/index.php?rest_route=\/wp\/v2\/users\/1"}],"replies":[{"embeddable":true,"href":"http:\/\/lina-patchinsky.de\/index.php?rest_route=%2Fwp%2Fv2%2Fcomments&post=12"}],"version-history":[{"count":15,"href":"http:\/\/lina-patchinsky.de\/index.php?rest_route=\/wp\/v2\/pages\/12\/revisions"}],"predecessor-version":[{"id":197,"href":"http:\/\/lina-patchinsky.de\/index.php?rest_route=\/wp\/v2\/pages\/12\/revisions\/197"}],"wp:attachment":[{"href":"http:\/\/lina-patchinsky.de\/index.php?rest_route=%2Fwp%2Fv2%2Fmedia&parent=12"}],"curies":[{"name":"wp","href":"https:\/\/api.w.org\/{rel}","templated":true}]}}